lculate the remainder when 7703 is divided by 1923.
11
Calculate the remainder when 48632 is divided by 21.
17
What is the remainder when 2124 is divided by 12?
0
What is the remainder when 9087 is divided by 43?
14
What is the remainder when 6048 is divided by 2008?
24
What is the remainder when 3751 is divided by 221?
215
Calculate the remainder when 2497 is divided by 58.
3
Calculate the remainder when 172848 is divided by 156.
0
Calculate the remainder when 2978 is divided by 212.
10
Calculate the remainder when 13725 is divided by 1798.
1139
Calculate the remainder when 15596 is divided by 318.
14
What is the remainder when 1041 is divided by 3?
0
Calculate the remainder when 2768 is divided by 871.
155
Calculate the remainder when 4582 is divided by 1389.
415
What is the remainder when 1424 is divided by 232?
32
Calculate the remainder when 139876 is divided by 1970.
6
Calculate the remainder when 96722 is divided by 628.
10
What is the remainder when 3042 is divided by 122?
114
Calculate the remainder when 6939 is divided by 374.
207
Calculate the remainder when 21815 is divided by 938.
241
Calculate the remainder when 951 is divided by 219.
75
Calculate the remainder when 8326 is divided by 415.
26
Calculate the remainder when 24733 is divided by 798.
793
Calculate the remainder when 49 is divided by 27.
22
What is the remainder when 5950 is divided by 1032?
790
What is the remainder when 9547 is divided by 21?
13
What is the remainder when 1628 is divided by 508?
104
Calculate the remainder when 35058 is divided by 8746.
74
What is the remainder when 13286120 is divided by 137?
134
Calculate the remainder when 20556 is divided by 10278.
0
Calculate the remainder when 7277 is divided by 2424.
5
Calculate the remainder when 76506 is divided by 12.
6
Calculate the remainder when 676624 is divided by 614.
610
What is the remainder when 1155182 is divided by 496?
494
What is the remainder when 31268 is divided by 14978?
1312
What is the remainder when 47459 is divided by 15801?
56
Calculate the remainder when 154053 is divided by 12.
9
Calculate the remainder when 7109 is divided by 45.
44
Calculate the remainder when 4896 is divided by 69.
66
Calculate the remainder when 16240 is divided by 49.
21
What is the remainder when 22785 is divided by 2522?
87
Calculate the remainder when 8027 is divided by 7957.
70
What is the remainder when 1095323 is divided by 55?
53
What is the remainder when 18349 is divided by 1664?
45
Calculate the remainder when 576 is divided by 284.
8
Calculate the remainder when 8538 is divided by 844.
98
Calculate the remainder when 1920 is divided by 918.
84
What is the remainder when 162349 is divided by 27058?
1
Calculate the remainder when 12869 is divided by 148.
141
Calculate the remainder when 22713 is divided by 12.
9
What is the remainder when 290078 is divided by 259?
257
Calculate the remainder when 6278 is divided by 1.
0
Calculate the remainder when 7381 is divided by 55.
11
Calculate the remainder when 69905 is divided by 40.
25
Calculate the remainder when 1074 is divided by 24.
18
Calculate the remainder when 123456 is divided by 401.
349
What is the remainder when 4981 is divided by 217?
207
What is the remainder when 6727 is divided by 2241?
4
What is the remainder when 2918500 is divided by 7?
4
What is the remainder when 21852 is divided by 662?
6
What is the remainder when 432550 is divided by 7?
6
What is the remainder when 23812 is divided by 11879?
54
What is the remainder when 21129 is divided by 5258?
97
What is the remainder when 1495733 is divided by 30?
23
Calculate the remainder when 94928 is divided by 23731.
4
Calculate the remainder when 643 is divided by 87.
34
Calculate the remainder when 10198 is divided by 140.
118
What is the remainder when 954146 is divided by 119268?
2
What is the remainder when 2596 is divided by 842?
70
Calculate the remainder when 12667 is divided by 3164.
11
Calculate the remainder when 2674 is divided by 10.
4
What is the remainder when 49812 is divided by 1465?
2
Calculate the remainder when 431216 is divided by 22.
16
What is the remainder when 2596 is divided by 53?
52
Calculate the remainder when 2427 is divided by 808.
3
Calculate the remainder when 35177300 is divided by 9.
8
What is the remainder when 62281 is divided by 209?
208
Calculate the remainder when 93850 is divided by 137.
5
Calculate the remainder when 685387 is divided by 524.
519
Calculate the remainder when 1384544 is divided by 31.
22
Calculate the remainder when 1438 is divided by 386.
280
Calculate the remainder when 3109 is divided by 8.
5
Calculate the remainder when 61808 is divided by 1124.
1112
What is the remainder when 89112 is divided by 90?
12
What is the remainder when 523 is divided by 60?
43
What is the remainder when 8858 is divided by 296?
274
What is the remainder when 2034 is divided by 1965?
69
Calculate the remainder when 514781 is divided by 650.
631
What is the remainder when 896 is divided by 406?
84
What is the remainder when 6042 is divided by 54?
48
Calculate the remainder when 828324 is divided by 314.
306
Calculate the remainder when 148593 is divided by 148593.
0
Calculate the remainder when 203231 is divided by 278.
13
Calculate the remainder when 110822 is divided by 23.
8
Calculate the remainder when 28900 is divided by 28900.
0
Calculate the remainder when 25942 is divided by 19.
7
Calculate the remainder when 5527 is divided by 398.
353
What is the remainder when 62059 is divided by 365?
9
Calculate the remainder when 43049 is divided by 21502.
45
What is the remainder when 36822 is divided by 75?
72
Calculate the remainder when 46018 is divided by 45840.
178
Calculate the remainder when 20822 is divided by 28.
18
Calculate the remainder when 3282971 is divided by 418.
417
What is the remainder when 124031 is divided by 1060?
11
Calculate the remainder when 21480 is divided by 10734.
12
What is the remainder when 23975 is divided by 220?
215
Calculate the remainder when 6138 is divided by 537.
231
Calculate the remainder when 1662 is divided by 401.
58
What is the remainder when 11640 is divided by 359?
152
What is the remainder when 34654 is divided by 3131?
213
What is the remainder when 4754 is divided by 164?
162
Calculate the remainder when 3593 is divided by 287.
149
Calculate the remainder when 27452 is divided by 146.
4
Calculate the remainder when 9995 is divided by 9986.
9
Calculate the remainder when 1420 is divided by 431.
127
What is the remainder when 10934 is divided by 214?
20
What is the remainder when 1106379 is divided by 194?
191
What is the remainder when 2829 is divided by 1762?
1067
What is the remainder when 350026 is divided by 18?
16
Calculate the remainder when 11511 is divided by 289.
240
Calculate the remainder when 18515 is divided by 191.
179
Calculate the remainder when 69828 is divided by 431.
6
What is the remainder when 40443 is divided by 110?
73
Calculate the remainder when 41524 is divided by 6919.
10
What is the remainder when 94116 is divided by 23525?
16
What is the remainder when 3556 is divided by 3554?
2
Calculate the remainder when 2524 is divided by 147.
25
Calculate the remainder when 20495 is divided by 5123.
3
Calculate the remainder when 28974 is divided by 223.
207
Calculate the remainder when 3799 is divided by 3661.
138
What is the remainder when 1147 is divided by 36?
31
Calculate the remainder when 9059 is divided by 4258.
543
Calculate the remainder when 15552 is divided by 67.
8
Calculate the remainder when 15531 is divided by 216.
195
What is the remainder when 229303 is divided by 35?
18
Calculate the remainder when 391118 is divided by 439.
408
What is the remainder when 666 is divided by 329?
8
What is the remainder when 24346 is divided by 542?
498
What is the remainder when 4959 is divided by 601?
151
Calculate the remainder when 2162 is divided by 301.
55
What is the remainder when 13901 is divided by 178?
17
Calculate the remainder when 9373 is divided by 9.
4
What is the remainder when 21555 is divided by 7136?
147
Calculate the remainder when 367076 is divided by 532.
528
What is the remainder when 5541 is divided by 66?
63
What is the remainder when 62657 is divided by 260?
257
W